{"id":804,"date":"2021-05-05T19:31:48","date_gmt":"2021-05-05T16:31:48","guid":{"rendered":"https:\/\/tietoturva.fi\/?page_id=804"},"modified":"2026-01-08T14:49:14","modified_gmt":"2026-01-08T12:49:14","slug":"tietoturvatunnustus","status":"publish","type":"page","link":"https:\/\/tivia-jasenyhdistykset.fi\/tietoturva\/toiminta\/tietoturvatunnustus\/","title":{"rendered":"Tietoturvatunnustus"},"content":{"rendered":"<h2><b><strong>Tietoturvatunnustukset 2026<\/strong><\/b><\/h2>\n<h3><b><strong>Ehdota Vuoden Tietoturvailmi\u00f6t\u00e4, Tietoturvapalvelua, Tietoturvatuotetta, Tietoturvatekoa tai Tietoturvavaikuttajaa<br \/>\n<\/strong><\/b><\/h3>\n<p>Tunnustuksen tarkoituksena on nostaa esille merkitt\u00e4vi\u00e4 tietoturvaan liittyvi\u00e4 ilmi\u00f6it\u00e4, sit\u00e4 edist\u00e4vi\u00e4 palveluita tai tuotteita tai sellaisia henkil\u00f6it\u00e4, jotka ovat edist\u00e4neet suomalaista tietoturvaosaamista ja sen arvostusta tai parantaneet organisaatioiden tai k\u00e4ytt\u00e4jien turvallisuutta tai nostaneet esille merkitt\u00e4vi\u00e4 kehitt\u00e4miskohteita. T\u00e4ss\u00e4 yhteydess\u00e4 tietoturvallisuus k\u00e4sitt\u00e4\u00e4 laajasti turvallisuuden eri osa-alueet.<\/p>\n<h3>Tunnustuksen my\u00f6nt\u00e4misen ehdot<\/h3>\n<p>Tunnustuksen saajaa valittaessa tulee valinnan perustua yhteen tai useampaan seuraavista valintakriteereist\u00e4.\u00a0Vuoden Tietoturvailmi\u00f6, Tietoturvapalvelu, Tietoturvatuote, Tietoturvavaikuttaja \u2013 valintakriteereit\u00e4:<\/p>\n<ul>\n<li>tunnettavuus<\/li>\n<li>laadukkuus<\/li>\n<li>merkitys alan kehitykseen<\/li>\n<li>kotimaisuus<\/li>\n<li>Vaikuttajan osalta vaikutus esimerkiksi suomalaiseen tietoturvaosaamisen, kulttuurin tai asenteen kehittymiseen<\/li>\n<\/ul>\n<p>Ehdotukset perusteluineen pyydet\u00e4\u00e4n l\u00e4hett\u00e4m\u00e4\u00e4n kilpailua varten laaditulla lomakkeella osoitteessa\u00a0<a href=\"https:\/\/tietoturva.fi\/vuositunnustus\" target=\"_blank\" rel=\"noopener\" data-saferedirecturl=\"https:\/\/www.google.com\/url?q=https:\/\/tietoturva.fi\/vuositunnustus&amp;source=gmail&amp;ust=1620313982885000&amp;usg=AFQjCNGDTRP1QKgnenDKwC7_bDwkZwpwLw\">https:\/\/tietoturva.fi\/vuositunnustus<\/a><\/p>\n<p>Tietoturva ry:n hallitus valitsee Vuoden Tietoturvailmi\u00f6n, Tietoturvapalvelun, Tietoturvatuotteen, Tietoturva Teon tai Tietoturvavaikuttajan ehdokkaiden joukosta mainittujen palkintokriteerien perusteella.<\/p>\n<p>Tietoturva ry:n hallituksen j\u00e4sent\u00e4 ei voi valita Vuoden Tietoturvavaikuttajaksi.<\/p>\n<h3>Tunnustuksen saajan p\u00e4\u00e4tt\u00e4minen<\/h3>\n<p>Tunnustuksien saajat valitseva ty\u00f6ryhm\u00e4 k\u00e4y l\u00e4pi m\u00e4\u00e4r\u00e4aikaan menness\u00e4 tulleet hakemukset ja varmistaa, ett\u00e4 hakijat t\u00e4ytt\u00e4v\u00e4t asetetut kriteerit.<\/p>\n<p>Ehdokkaat pisteytet\u00e4\u00e4n. Mik\u00e4li kaksi tai useampi ehdokas saa saman verran pisteit\u00e4, niin ty\u00f6ryhm\u00e4 \u00e4\u00e4nest\u00e4\u00e4 tunnustuksen saajan. Mik\u00e4li \u00e4\u00e4net menev\u00e4t tasan, ty\u00f6ryhm\u00e4n puheenjohtajan \u00e4\u00e4ni ratkaisee.<\/p>\n<p>Valintatilaisuudesta tulee laaditaan p\u00f6yt\u00e4kirja, josta ilmenee voittajan valintamenettely. Tietoturva ry voi valita yhden tai useamman tunnustuksen eri saajan, mutta vain eri kategorioissa. Mik\u00e4li sopivia ehdokkaita ei ilmoiteta, tunnustus j\u00e4tet\u00e4\u00e4n my\u00f6nt\u00e4m\u00e4tt\u00e4.<\/p>\n<h3><b><strong>Tunnustuksen sis\u00e4lt\u00f6<\/strong><\/b><\/h3>\n<p>Tunnustuksen vastaanottaja saa Tietoturva ry:n lahjoittaman kunniamaininnan sek\u00e4 Tietoturvavaikuttajan osalta yhden vuoden (1) vuoden mittaisen Tietoturva ry:n j\u00e4senyyden, joka oikeuttaa osallistumaan yhdistyksen j\u00e4rjest\u00e4miin maksuttomiin tilaisuuksiin ja muihin j\u00e4senetuihin.<\/p>\n<h3><b><strong>Kilpailun voittajan julkistaminen vuonna 2026<\/strong><\/b><\/h3>\n<p>Tunnustuksen saajat julkistetaan loppuvuodesta 2026. T\u00e4m\u00e4 tunnustus on suunnattu niille merkitt\u00e4ville ilmi\u00f6ille, palveluille, tuotteille, teoille ja henkil\u00f6ille, jotka ovat laajasti edist\u00e4neet suomalaista tietoturvaosaamista, sen arvostusta ja parantaneet turvallisuutta tietoturvan eri osa-alueilla Suomessa.<\/p>\n<hr \/>\n<h2>Aikaisemmin my\u00f6nnetyt tunnustukset<\/h2>\n<h3>2025<\/h3>\n<ul>\n<li>Tunnustuksia ei jaettu vuonna 2025<\/li>\n<\/ul>\n<h3>2024<\/h3>\n<ul>\n<li>Tietoturvateko: <a href=\"https:\/\/tietoturva.fi\/2024\/11\/15\/ciso2024_ja_teko2024\/\">Cyber Citizen -hanke ja sen koulutusymp\u00e4rist\u00f6<\/a><\/li>\n<\/ul>\n<h3>2023<\/h3>\n<ul>\n<li>Tietoturvailmi\u00f6: <a href=\"https:\/\/tietoturva.fi\/2023\/11\/09\/vuoden-tietoturvailmio-2023\/\">Avoimuus<\/a><\/li>\n<li>Tietoturvapalvelu:\u00a0<a href=\"https:\/\/tietoturva.fi\/2023\/11\/09\/vuoden-tietoturvapalvelu-2023\/\">Teko\u00e4ly ja teko\u00e4lypalvelut<\/a><\/li>\n<\/ul>\n<h3>2022<\/h3>\n<ul>\n<li>Tietoturvailmi\u00f6: <a href=\"https:\/\/tietoturva.fi\/2022\/10\/14\/tietoturvatunnustukset-2022\/\">Laaja-alainen yhteisty\u00f6 turvallisuuden kehitt\u00e4miseksi<\/a><\/li>\n<li>Tietoturvapalvelu: <a href=\"https:\/\/tietoturva.fi\/2022\/10\/14\/tietoturvatunnustukset-2022\/\">Kyberturvallisuuden harjoitusymp\u00e4rist\u00f6 (RGCE)<\/a><\/li>\n<li>Tietoturvavaikuttaja: <a href=\"https:\/\/tietoturva.fi\/2022\/10\/14\/tietoturvatunnustukset-2022\/\">Tomi Kelo<\/a><\/li>\n<li>El\u00e4m\u00e4nty\u00f6palkinto: <a href=\"https:\/\/tietoturva.fi\/2022\/10\/14\/tietoturvatunnustukset-2022\/\">Reijo Aarnio<\/a><\/li>\n<\/ul>\n<h3>2021<\/h3>\n<ul>\n<li><a href=\"https:\/\/tietoturva.fi\/2021\/10\/27\/tietoturvatunnustukset-2021\/\">Useita kunniamainintoja ja palkinnosaajia (kts. linkki).<\/a><\/li>\n<\/ul>\n","protected":false},"excerpt":{"rendered":"<p>Tietoturvatunnustukset 2026<br \/>\nEhdota Vuoden Tietoturvailmi\u00f6t\u00e4, Tietoturvapalvelua, Tietoturvatuotetta, Tietoturvatekoa tai Tietoturvavaikuttajaa<\/p>\n<p>Tunnustuksen tarkoituksena on nostaa esille merkitt\u00e4vi\u00e4 tietoturvaan liittyvi\u00e4 ilmi\u00f6it\u00e4, sit\u00e4 edist\u00e4vi\u00e4 palveluita tai tuotteita tai sellaisia henkil\u00f6it\u00e4, jotka ovat edist\u00e4neet suomalaista tietoturvaosaamista ja sen arvostusta tai parantaneet organisaatioiden tai k\u00e4ytt\u00e4jien turvallisuutta tai nostaneet esille merkitt\u00e4vi\u00e4 kehitt\u00e4miskohteita.<\/p>\n","protected":false},"author":2408,"featured_media":0,"parent":436,"menu_order":0,"comment_status":"closed","ping_status":"closed","template":"","meta":{"_acf_changed":false,"footnotes":""},"class_list":["post-804","page","type-page","status-publish","hentry"],"acf":[],"yoast_head":"<!-- This site is optimized with the Yoast SEO plugin v27.5 - https:\/\/yoast.com\/product\/yoast-seo-wordpress\/ -->\n<title>Tietoturvatunnustus - Tietoturva ry<\/title>\n<meta name=\"robots\" content=\"index, follow, max-snippet:-1, max-image-preview:large, max-video-preview:-1\" \/>\n<link rel=\"canonical\" href=\"https:\/\/tivia-jasenyhdistykset.fi\/tietoturva\/toiminta\/tietoturvatunnustus\/\" \/>\n<meta property=\"og:locale\" content=\"fi_FI\" \/>\n<meta property=\"og:type\" content=\"article\" \/>\n<meta property=\"og:title\" content=\"Tietoturvatunnustus - Tietoturva ry\" \/>\n<meta property=\"og:description\" content=\"Tietoturvatunnustukset 2026 Ehdota Vuoden Tietoturvailmi\u00f6t\u00e4, Tietoturvapalvelua, Tietoturvatuotetta, Tietoturvatekoa tai Tietoturvavaikuttajaa Tunnustuksen tarkoituksena on nostaa esille merkitt\u00e4vi\u00e4 tietoturvaan liittyvi\u00e4 ilmi\u00f6it\u00e4, sit\u00e4 edist\u00e4vi\u00e4 palveluita tai tuotteita tai sellaisia henkil\u00f6it\u00e4, jotka ovat edist\u00e4neet suomalaista tietoturvaosaamista ja sen arvostusta tai parantaneet organisaatioiden tai k\u00e4ytt\u00e4jien turvallisuutta tai nostaneet esille merkitt\u00e4vi\u00e4 kehitt\u00e4miskohteita.\" \/>\n<meta property=\"og:url\" content=\"https:\/\/tivia-jasenyhdistykset.fi\/tietoturva\/toiminta\/tietoturvatunnustus\/\" \/>\n<meta property=\"og:site_name\" content=\"Tietoturva ry\" \/>\n<meta property=\"article:publisher\" content=\"https:\/\/www.facebook.com\/TietoturvaRy\/\" \/>\n<meta property=\"article:modified_time\" content=\"2026-01-08T12:49:14+00:00\" \/>\n<meta property=\"og:image\" content=\"https:\/\/tivia-jasenyhdistykset.fi\/tietoturva\/wp-content\/uploads\/sites\/7\/2021\/05\/Tietoturva-logo-2018-100.png\" \/>\n\t<meta property=\"og:image:width\" content=\"73\" \/>\n\t<meta property=\"og:image:height\" content=\"100\" \/>\n\t<meta property=\"og:image:type\" content=\"image\/png\" \/>\n<meta name=\"twitter:card\" content=\"summary_large_image\" \/>\n<meta name=\"twitter:site\" content=\"@tietoturva_ry\" \/>\n<meta name=\"twitter:label1\" content=\"Arvioitu lukuaika\" \/>\n\t<meta name=\"twitter:data1\" content=\"2 minuuttia\" \/>\n<script type=\"application\/ld+json\" class=\"yoast-schema-graph\">{\"@context\":\"https:\\\/\\\/schema.org\",\"@graph\":[{\"@type\":\"WebPage\",\"@id\":\"https:\\\/\\\/tivia-jasenyhdistykset.fi\\\/tietoturva\\\/toiminta\\\/tietoturvatunnustus\\\/\",\"url\":\"https:\\\/\\\/tivia-jasenyhdistykset.fi\\\/tietoturva\\\/toiminta\\\/tietoturvatunnustus\\\/\",\"name\":\"Tietoturvatunnustus - Tietoturva ry\",\"isPartOf\":{\"@id\":\"https:\\\/\\\/tivia-jasenyhdistykset.fi\\\/tietoturva\\\/#website\"},\"datePublished\":\"2021-05-05T16:31:48+00:00\",\"dateModified\":\"2026-01-08T12:49:14+00:00\",\"breadcrumb\":{\"@id\":\"https:\\\/\\\/tivia-jasenyhdistykset.fi\\\/tietoturva\\\/toiminta\\\/tietoturvatunnustus\\\/#breadcrumb\"},\"inLanguage\":\"fi\",\"potentialAction\":[{\"@type\":\"ReadAction\",\"target\":[\"https:\\\/\\\/tivia-jasenyhdistykset.fi\\\/tietoturva\\\/toiminta\\\/tietoturvatunnustus\\\/\"]}]},{\"@type\":\"BreadcrumbList\",\"@id\":\"https:\\\/\\\/tivia-jasenyhdistykset.fi\\\/tietoturva\\\/toiminta\\\/tietoturvatunnustus\\\/#breadcrumb\",\"itemListElement\":[{\"@type\":\"ListItem\",\"position\":1,\"name\":\"Etusivu\",\"item\":\"https:\\\/\\\/tivia-jasenyhdistykset.fi\\\/tietoturva\\\/\"},{\"@type\":\"ListItem\",\"position\":2,\"name\":\"Toiminta\",\"item\":\"https:\\\/\\\/tivia-jasenyhdistykset.fi\\\/tietoturva\\\/toiminta\\\/\"},{\"@type\":\"ListItem\",\"position\":3,\"name\":\"Tietoturvatunnustus\"}]},{\"@type\":\"WebSite\",\"@id\":\"https:\\\/\\\/tivia-jasenyhdistykset.fi\\\/tietoturva\\\/#website\",\"url\":\"https:\\\/\\\/tivia-jasenyhdistykset.fi\\\/tietoturva\\\/\",\"name\":\"Tietoturva ry\",\"description\":\"Suomen suurin tietoturva-ammattilaisten verkosto\",\"publisher\":{\"@id\":\"https:\\\/\\\/tivia-jasenyhdistykset.fi\\\/tietoturva\\\/#organization\"},\"potentialAction\":[{\"@type\":\"SearchAction\",\"target\":{\"@type\":\"EntryPoint\",\"urlTemplate\":\"https:\\\/\\\/tivia-jasenyhdistykset.fi\\\/tietoturva\\\/?s={search_term_string}\"},\"query-input\":{\"@type\":\"PropertyValueSpecification\",\"valueRequired\":true,\"valueName\":\"search_term_string\"}}],\"inLanguage\":\"fi\"},{\"@type\":\"Organization\",\"@id\":\"https:\\\/\\\/tivia-jasenyhdistykset.fi\\\/tietoturva\\\/#organization\",\"name\":\"Tietoturva ry\",\"url\":\"https:\\\/\\\/tivia-jasenyhdistykset.fi\\\/tietoturva\\\/\",\"logo\":{\"@type\":\"ImageObject\",\"inLanguage\":\"fi\",\"@id\":\"https:\\\/\\\/tivia-jasenyhdistykset.fi\\\/tietoturva\\\/#\\\/schema\\\/logo\\\/image\\\/\",\"url\":\"https:\\\/\\\/tietoturva.fi\\\/wp-content\\\/uploads\\\/sites\\\/7\\\/2021\\\/05\\\/Tietoturva-logo-2018-100.png\",\"contentUrl\":\"https:\\\/\\\/tietoturva.fi\\\/wp-content\\\/uploads\\\/sites\\\/7\\\/2021\\\/05\\\/Tietoturva-logo-2018-100.png\",\"width\":73,\"height\":100,\"caption\":\"Tietoturva ry\"},\"image\":{\"@id\":\"https:\\\/\\\/tivia-jasenyhdistykset.fi\\\/tietoturva\\\/#\\\/schema\\\/logo\\\/image\\\/\"},\"sameAs\":[\"https:\\\/\\\/www.facebook.com\\\/TietoturvaRy\\\/\",\"https:\\\/\\\/x.com\\\/tietoturva_ry\",\"https:\\\/\\\/www.linkedin.com\\\/company\\\/tietoturva\\\/\",\"https:\\\/\\\/www.youtube.com\\\/channel\\\/UCmXkytjYpJ4_N2msCNy69sw\\\/\"]}]}<\/script>\n<!-- \/ Yoast SEO plugin. -->","yoast_head_json":{"title":"Tietoturvatunnustus - Tietoturva ry","robots":{"index":"index","follow":"follow","max-snippet":"max-snippet:-1","max-image-preview":"max-image-preview:large","max-video-preview":"max-video-preview:-1"},"canonical":"https:\/\/tivia-jasenyhdistykset.fi\/tietoturva\/toiminta\/tietoturvatunnustus\/","og_locale":"fi_FI","og_type":"article","og_title":"Tietoturvatunnustus - Tietoturva ry","og_description":"Tietoturvatunnustukset 2026 Ehdota Vuoden Tietoturvailmi\u00f6t\u00e4, Tietoturvapalvelua, Tietoturvatuotetta, Tietoturvatekoa tai Tietoturvavaikuttajaa Tunnustuksen tarkoituksena on nostaa esille merkitt\u00e4vi\u00e4 tietoturvaan liittyvi\u00e4 ilmi\u00f6it\u00e4, sit\u00e4 edist\u00e4vi\u00e4 palveluita tai tuotteita tai sellaisia henkil\u00f6it\u00e4, jotka ovat edist\u00e4neet suomalaista tietoturvaosaamista ja sen arvostusta tai parantaneet organisaatioiden tai k\u00e4ytt\u00e4jien turvallisuutta tai nostaneet esille merkitt\u00e4vi\u00e4 kehitt\u00e4miskohteita.","og_url":"https:\/\/tivia-jasenyhdistykset.fi\/tietoturva\/toiminta\/tietoturvatunnustus\/","og_site_name":"Tietoturva ry","article_publisher":"https:\/\/www.facebook.com\/TietoturvaRy\/","article_modified_time":"2026-01-08T12:49:14+00:00","og_image":[{"width":73,"height":100,"url":"https:\/\/tivia-jasenyhdistykset.fi\/tietoturva\/wp-content\/uploads\/sites\/7\/2021\/05\/Tietoturva-logo-2018-100.png","type":"image\/png"}],"twitter_card":"summary_large_image","twitter_site":"@tietoturva_ry","twitter_misc":{"Arvioitu lukuaika":"2 minuuttia"},"schema":{"@context":"https:\/\/schema.org","@graph":[{"@type":"WebPage","@id":"https:\/\/tivia-jasenyhdistykset.fi\/tietoturva\/toiminta\/tietoturvatunnustus\/","url":"https:\/\/tivia-jasenyhdistykset.fi\/tietoturva\/toiminta\/tietoturvatunnustus\/","name":"Tietoturvatunnustus - Tietoturva ry","isPartOf":{"@id":"https:\/\/tivia-jasenyhdistykset.fi\/tietoturva\/#website"},"datePublished":"2021-05-05T16:31:48+00:00","dateModified":"2026-01-08T12:49:14+00:00","breadcrumb":{"@id":"https:\/\/tivia-jasenyhdistykset.fi\/tietoturva\/toiminta\/tietoturvatunnustus\/#breadcrumb"},"inLanguage":"fi","potentialAction":[{"@type":"ReadAction","target":["https:\/\/tivia-jasenyhdistykset.fi\/tietoturva\/toiminta\/tietoturvatunnustus\/"]}]},{"@type":"BreadcrumbList","@id":"https:\/\/tivia-jasenyhdistykset.fi\/tietoturva\/toiminta\/tietoturvatunnustus\/#breadcrumb","itemListElement":[{"@type":"ListItem","position":1,"name":"Etusivu","item":"https:\/\/tivia-jasenyhdistykset.fi\/tietoturva\/"},{"@type":"ListItem","position":2,"name":"Toiminta","item":"https:\/\/tivia-jasenyhdistykset.fi\/tietoturva\/toiminta\/"},{"@type":"ListItem","position":3,"name":"Tietoturvatunnustus"}]},{"@type":"WebSite","@id":"https:\/\/tivia-jasenyhdistykset.fi\/tietoturva\/#website","url":"https:\/\/tivia-jasenyhdistykset.fi\/tietoturva\/","name":"Tietoturva ry","description":"Suomen suurin tietoturva-ammattilaisten verkosto","publisher":{"@id":"https:\/\/tivia-jasenyhdistykset.fi\/tietoturva\/#organization"},"potentialAction":[{"@type":"SearchAction","target":{"@type":"EntryPoint","urlTemplate":"https:\/\/tivia-jasenyhdistykset.fi\/tietoturva\/?s={search_term_string}"},"query-input":{"@type":"PropertyValueSpecification","valueRequired":true,"valueName":"search_term_string"}}],"inLanguage":"fi"},{"@type":"Organization","@id":"https:\/\/tivia-jasenyhdistykset.fi\/tietoturva\/#organization","name":"Tietoturva ry","url":"https:\/\/tivia-jasenyhdistykset.fi\/tietoturva\/","logo":{"@type":"ImageObject","inLanguage":"fi","@id":"https:\/\/tivia-jasenyhdistykset.fi\/tietoturva\/#\/schema\/logo\/image\/","url":"https:\/\/tietoturva.fi\/wp-content\/uploads\/sites\/7\/2021\/05\/Tietoturva-logo-2018-100.png","contentUrl":"https:\/\/tietoturva.fi\/wp-content\/uploads\/sites\/7\/2021\/05\/Tietoturva-logo-2018-100.png","width":73,"height":100,"caption":"Tietoturva ry"},"image":{"@id":"https:\/\/tivia-jasenyhdistykset.fi\/tietoturva\/#\/schema\/logo\/image\/"},"sameAs":["https:\/\/www.facebook.com\/TietoturvaRy\/","https:\/\/x.com\/tietoturva_ry","https:\/\/www.linkedin.com\/company\/tietoturva\/","https:\/\/www.youtube.com\/channel\/UCmXkytjYpJ4_N2msCNy69sw\/"]}]}},"_links":{"self":[{"href":"https:\/\/tivia-jasenyhdistykset.fi\/tietoturva\/wp-json\/wp\/v2\/pages\/804","targetHints":{"allow":["GET"]}}],"collection":[{"href":"https:\/\/tivia-jasenyhdistykset.fi\/tietoturva\/wp-json\/wp\/v2\/pages"}],"about":[{"href":"https:\/\/tivia-jasenyhdistykset.fi\/tietoturva\/wp-json\/wp\/v2\/types\/page"}],"author":[{"embeddable":true,"href":"https:\/\/tivia-jasenyhdistykset.fi\/tietoturva\/wp-json\/wp\/v2\/users\/2408"}],"replies":[{"embeddable":true,"href":"https:\/\/tivia-jasenyhdistykset.fi\/tietoturva\/wp-json\/wp\/v2\/comments?post=804"}],"version-history":[{"count":31,"href":"https:\/\/tivia-jasenyhdistykset.fi\/tietoturva\/wp-json\/wp\/v2\/pages\/804\/revisions"}],"predecessor-version":[{"id":3501,"href":"https:\/\/tivia-jasenyhdistykset.fi\/tietoturva\/wp-json\/wp\/v2\/pages\/804\/revisions\/3501"}],"up":[{"embeddable":true,"href":"https:\/\/tivia-jasenyhdistykset.fi\/tietoturva\/wp-json\/wp\/v2\/pages\/436"}],"wp:attachment":[{"href":"https:\/\/tivia-jasenyhdistykset.fi\/tietoturva\/wp-json\/wp\/v2\/media?parent=804"}],"curies":[{"name":"wp","href":"https:\/\/api.w.org\/{rel}","templated":true}]}}